 191
List the prime factors of 375.
3, 5
What are the prime factors of 14298?
2, 3, 2383
List the prime factors of 69117.
3, 23039
What are the prime factors of 10746?
2, 3, 199
What are the prime factors of 33670?
2, 5, 7, 13, 37
What are the prime factors of 1044?
2, 3, 29
What are the prime factors of 4640?
2, 5, 29
List the prime factors of 196.
2, 7
What are the prime factors of 221?
13, 17
List the prime factors of 31898.
2, 41, 389
What are the prime factors of 3510?
2, 3, 5, 13
What are the prime factors of 33807?
3, 59, 191
What are the prime factors of 361?
19
List the prime factors of 1037.
17, 61
What are the prime factors of 32121?
3, 43, 83
List the prime factors of 5764.
2, 11, 131
List the prime factors of 1528.
2, 191
What are the prime factors of 1471?
1471
List the prime factors of 4126.
2, 2063
What are the prime factors of 49731?
3, 11, 137
List the prime factors of 1571.
1571
What are the prime factors of 5153?
5153
What are the prime factors of 789?
3, 263
List the prime factors of 2162.
2, 23, 47
List the prime factors of 1354.
2, 677
What are the prime factors of 377?
13, 29
What are the prime factors of 9516?
2, 3, 13, 61
What are the prime factors of 29515?
5, 5903
What are the prime factors of 44613?
3, 4957
What are the prime factors of 157?
157
What are the prime factors of 103817?
7, 14831
What are the prime factors of 7056?
2, 3, 7
List the prime factors of 1917.
3, 71
What are the prime factors of 96?
2, 3
What are the prime factors of 61180?
2, 5, 7, 19, 23
List the prime factors of 73419.
3, 24473
List the prime factors of 3702.
2, 3, 617
What are the prime factors of 36996?
2, 3, 3083
List the prime factors of 20934.
2, 3, 1163
What are the prime factors of 3562?
2, 13, 137
List the prime factors of 6186.
2, 3, 1031
List the prime factors of 4950.
2, 3, 5, 11
What are the prime factors of 453?
3, 151
What are the prime factors of 994?
2, 7, 71
What are the prime factors of 45240?
2, 3, 5, 13, 29
List the prime factors of 2954.
2, 7, 211
List the prime factors of 73634.
2, 11, 3347
List the prime factors of 4957.
4957
List the prime factors of 3333.
3, 11, 101
What are the prime factors of 1107?
3, 41
What are the prime factors of 3083?
3083
List the prime factors of 434.
2, 7, 31
List the prime factors of 4944.
2, 3, 103
List the prime factors of 809.
809
List the prime factors of 46226.
2, 29, 797
What are the prime factors of 37268?
2, 7, 11
List the prime factors of 21511.
7, 439
List the prime factors of 73674.
2, 3, 4093
What are the prime factors of 4267?
17, 251
List the prime factors of 11350.
2, 5, 227
What are the prime factors of 1033?
1033
What are the prime factors of 25441?
13, 19, 103
What are the prime factors of 129707?
129707
List the prime factors of 825.
3, 5, 11
What are the prime factors of 6102?
2, 3, 113
List the prime factors of 26488.
2, 7, 11, 43
What are the prime factors of 1809?
3, 67
List the prime factors of 2564.
2, 641
What are the prime factors of 467?
467
What are the prime factors of 595?
5, 7, 17
What are the prime factors of 6865?
5, 1373
What are the prime factors of 2699?
2699
List the prime factors of 959.
7, 137
List the prime factors of 39519.
3, 4391
List the prime factors of 22.
2, 11
What are the prime factors of 10274?
2, 11, 467
List the prime factors of 30920.
2, 5, 773
List the prime factors of 116976.
2, 3, 2437
List the prime factors of 2341.
2341
What are the prime factors of 236?
2, 59
List the prime factors of 907.
907
What are the prime factors of 15363?
3, 569
What are the prime factors of 919?
919
What are the prime factors of 132?
2, 3, 11
What are the prime factors of 628?
2, 157
List the prime factors of 1323.
3, 7
What are the prime factors of 14526?
2, 3, 269
What are the prime factors of 4484?
2, 19, 59
What are the prime factors of 109868?
2, 11, 227
List the prime factors of 2.
2
List the prime factors of 17032.
2, 2129
List the prime factors of 149850.
2, 3, 5, 37
List the prime factors of 74169.
3, 41, 67
What are the prime factors of 2040?
2, 3, 5, 17
What are the prime factors of 7385?
5, 7, 211
What are the prime factors of 73192?
2, 7, 1307
What are the prime factors of 30458?
2, 97, 157
List the prime factors of 2111.
2111
List the prime factors of 17832.
2, 3, 743
List the prime factors of 5614.
2, 7, 401
What are the prime factors of 7364?
2, 7, 263
List the prime factors of 204.
2, 3, 17
List the prime factors of 12741.
3, 31, 137
What are the prime factors of 1458?
2, 3
List the prime factors of 36213.
3, 12071
What are the prime factors of 28300?
2, 5, 283
List the prime factors of 13832.
2, 7, 13, 19
List the prime factors of 562.
2, 281
What are the prime factors of 964?
2, 241
List the prime factors of 2086.
2, 7, 149
What are the prime factors of 61184?
2, 239
List the prime factors of 1756.
2, 439
What are the prime factors of 1308?
2, 3, 109
List the prime factors of 68407.
67, 1021
List the prime factors of 21712.
2, 23, 59
List the prime factors of 15610.
2, 5, 7, 223
List the prime factors of 5777.
53, 109
List the prime factors of 9886.
2, 4943
List the prime factors of 33867.
3, 53, 71
List the prime factors of 3181.
3181
What are the prime factors of 2405?
5, 13, 37
What are the prime factors of 26013?
3, 13, 23, 29
List the prime factors of 21506.
2, 10753
List the prime factors of 856.
2, 107
List the prime factors of 577.
577
List the prime factors of 80195.
5, 43, 373
What are the prime factors of 5623?
5623
List the prime factors of 28624.
2, 1789
List the prime factors of 1019.
1019
List the prime factors of 9092.
2, 2273
List the prime factors of 51266.
2, 25633
List the prime factors of 13.
13
What are the prime factors of 21183?
3, 23, 307
What are the prime factors of 59243?
59243
What are the prime factors of 776?
2, 97
List the prime factors of 9324.
2, 3, 7, 37
What are the prime factors of 2403?
3, 89
List the prime factors of 97696.
2, 43, 71
What are the prime factors of 7292?
2, 1823
List the prime factors of 7305.
3, 5, 487
List the prime factors of 479.
479
List the prime factors of 12467.
7, 13, 137
List the prime factors of 38805.
3, 5, 13, 199
What are the prime factors of 7760?
2, 5, 97
What are the prime factors of 8786?
2, 23, 191
What are the prime factors of 16443?
3, 7, 29
List the prime factors of 40976.
2, 13, 197
What are the prime factors of 932?
2, 233
What are the prime factors of 1002?
2, 3, 167
What are the prime factors of 35902?
2, 29, 619
What are the prime factors of 27553?
59, 467
List the prime factors of 3883.
11, 353
List the prime factors of 8558.
2, 11, 389
List the prime factors of 1611.
3, 179
What are the prime factors of 5052?
2, 3, 421
List the prime factors of 22506.
2, 3, 11, 31
What are the prime factors of 4917?
3, 11, 149
List the prime factors of 29142.
2, 3, 1619
What are the prime factors of 1669?
1669
What are the prime factors of 4371?
3, 31, 47
What are the prime factors of 2611?
7, 373
What are the prime factors of 1855?
5, 7, 53
List the prime factors of 16546.
2, 8273
List the prime factors of 928.
2, 29
What are the prime factors of 4181?
37, 113
List the prime factors of 1557.
3, 173
What are the prime factors of 3372?
2, 3, 281
What are the prime factors of 48418?
2, 43, 563
What are the prime factors of 19401?
3, 29, 223
List the prime factors of 1212.
2, 3, 101
List the prime factors of 5354.
2, 2677
List the prime factors of 5627.
17, 331
List the prime factors of 1927.
41, 47
List the prime factors of 5289.
3, 41, 43
What are the prime factors of 9528?
2, 3, 397
What are the prime factors of 2982?
2, 3, 7, 71
What are the prime factors of 11951?
17, 19, 37
What are the prime factors of 3318?
2, 3, 7, 79
List the prime factors of 18357.
3, 29, 211
What are the prime factors of 28?
2, 7
What are the prime factors of 45304?
2, 7, 809
What are the prime factors of 657?
3, 73
List the prime factors of 1034.
2, 11, 47
List the prime factors of 7391.
19, 389
List the prime factors of 5249.
29, 181
List the prime factors of 784.
2, 7
What are the prime factors of 156?
2, 3, 13
What are the prime factors of 70884?
2, 3, 11, 179
What are the prime factors of 3693?
3, 1231
What are the prime factors of 714?
2, 3, 7, 17
List the prime factors of 11279.
11